{"id":872,"date":"2021-04-12T03:22:35","date_gmt":"2021-04-12T01:22:35","guid":{"rendered":"https:\/\/leshurleventsduseudre.fr\/?page_id=872"},"modified":"2021-04-12T03:47:36","modified_gmt":"2021-04-12T01:47:36","slug":"les-mesures-delisabeth-borne","status":"publish","type":"page","link":"https:\/\/leshurleventsduseudre.fr\/?page_id=872","title":{"rendered":"Les mesures d&rsquo;Elisabeth Borne"},"content":{"rendered":"<p><b>Le 18 d\u00e9cembre 2019, la ministre de la transition \u00e9cologique Elisabeth Borne a annonc\u00e9 la mise en place de mesures visant \u00e0 faciliter le d\u00e9veloppement de l\u2019\u00e9nergie \u00e9olienne terrestre. Pour autant, la PPE (Programmation pluriannuelle de l\u2019Energie) souhaite mettre l\u2019accent sur l\u2019\u00e9olien en mer.<\/b><\/p>\n<p>En d\u00e9cembre 2019, Elisabeth Borne et sa secr\u00e9taire d\u2019\u00c9tat, Emmanuelle Wargon, ont r\u00e9uni le groupe de travail pour le d\u00e9veloppement de l\u2019\u00e9olien. De ces \u00e9changes sont n\u00e9es plusieurs mesures ayant pour objectif de soutenir le d\u00e9ploiement de cette \u00e9nergie en France. Le parc \u00e9olien a connu une croissance r\u00e9guli\u00e8re au cours des derni\u00e8res ann\u00e9es. Au 30 septembre 2019, sa puissance install\u00e9e \u00e9tait de 15,9 GW. Pour autant, la part des \u00e9nergies renouvelables dans la consommation d\u2019\u00e9lectricit\u00e9 nationale reste encore insuffisante au regard des objectifs pos\u00e9s par la loi relative \u00e0 la transition \u00e9nerg\u00e9tique pour la croissance verte (LTECV), qui pr\u00e9voient d\u2019\u00e9lever la part des \u00e9nergies renouvelables \u00e0 32 % de la consommation finale brute nationale en 2030.<\/p>\n<p><b>La prise en compte des nuisances<\/b><br \/>\nPour am\u00e9liorer l\u2019image de l\u2019\u00e9olien terrestre, diff\u00e9rentes mesures ont \u00e9t\u00e9 annonc\u00e9es par la ministre. La premi\u00e8re concerne le lancement d\u2019exp\u00e9rimentations \u00ab innovantes \u00bb de solutions visant \u00e0 r\u00e9duire les nuisances lumineuses, souvent incrimin\u00e9es dans les territoires. Les nouveaux dispositifs \u00e9labor\u00e9s pourront \u00ab pr\u00e9tendre \u00e0 une homologation d\u00e9but 2021 \u00bb. Un dispositif permettant de mesurer le niveau de bruit g\u00e9n\u00e9r\u00e9 sera aussi mis au point.<\/p>\n<p><b>Une acceptabilit\u00e9 environnementale accrue<\/b><br \/>\nLors des appels d\u2019offre, le crit\u00e8re du bilan carbone des projets sera d\u00e9sormais int\u00e9gr\u00e9. Dans cette m\u00eame logique d\u2019acceptabilit\u00e9 environnementale, le recyclage des mat\u00e9riaux employ\u00e9s dans la fabrication des \u00e9oliennes sera obligatoire d\u2019ici 2023 \u2013 comme pr\u00e9vu par la PPE. En outre, le principe d\u2019une \u00ab excavation totale des fondations \u00e9oliennes lors du d\u00e9mant\u00e8lement \u00bb sera g\u00e9n\u00e9ralis\u00e9, selon le minist\u00e8re.<\/p>\n<p><b>Une meilleure int\u00e9gration<\/b><br \/>\nPour une meilleure acceptation des parcs \u00e9oliens, un groupe de travail sera cr\u00e9\u00e9 \u00ab en partenariat avec les collectivit\u00e9s locales, les fili\u00e8res professionnelles, et les associations, pour que le d\u00e9veloppement de l\u2019\u00e9olien soit plus \u00e9quilibr\u00e9 au niveau national et \u00e9viter des risques de saturation \u00bb. Les premi\u00e8res propositions sont attendues au printemps. Enfin, l\u2019appel \u00e0 projets \u00ab Plans de paysages \u00bb, construit en partenariat avec l\u2019Ademe, marque la volont\u00e9 du minist\u00e8re de travailler sur l\u2019int\u00e9gration des \u00e9oliennes dans leur environnement avec une v\u00e9ritable d\u00e9marche paysag\u00e8re. L\u00e0 encore, il s\u2019agit de faciliter leur acceptation dans les secteurs pressentis pour accueillir des parcs \u00e9oliens.<\/p>\n<p><b>PPE : des ambitions revues \u00e0 la baisse pour l\u2019\u00e9olien terrestre<\/b><br \/>\nLa nouvelle PPE (Programmation Pluriannuelle de l\u2019\u00c9nergie) pr\u00e9sent\u00e9e par le gouvernement en janvier pr\u00e9voit un ajustement des \u00e9nergies renouvelables. Il questionne, en particulier, l\u2019\u00e9olien terrestre, en raison de sa difficile int\u00e9gration sur le territoire. Le d\u00e9cret relatif \u00e0 la PPE indique ainsi deux appels d\u2019offre par an pour l\u2019\u00e9olien terrestre, \u00ab \u00e0 hauteur de 925 MW par p\u00e9riode, \u00e0 compter du deuxi\u00e8me semestre de 2020 (hors repowering) \u00bb.<\/p>\n<p>La PPE pr\u00e9voie en revanche de renforcer l\u2019\u00e9olien en mer avec une augmentation des capacit\u00e9s allou\u00e9es par appels d\u2019offres. On note par exemple un projet \u00e9olien flottant en M\u00e9diterran\u00e9e, pr\u00e9vu pour 2022, qui passerait ainsi de 250 MW \u00e0 500 MW. A partir de 2024, les projets seront de 1 000MW par an, en \u00e9olien pos\u00e9 ou flottant.<\/p>\n<p><i>Site GazeeLEnergie<\/i><\/p>\n","protected":false},"excerpt":{"rendered":"<p>Le 18 d\u00e9cembre 2019, la ministre de la transition \u00e9cologique Elisabeth Borne a annonc\u00e9 la mise en place de mesures visant \u00e0 faciliter le d\u00e9veloppement de l\u2019\u00e9nergie \u00e9olienne terrestre. Pour autant, la PPE (Programmation pluriannuelle de l\u2019Energie) souhaite mettre l\u2019accent sur l\u2019\u00e9olien en mer. En d\u00e9cembre 2019, Elisabeth Borne et sa secr\u00e9taire d\u2019\u00c9tat, Emmanuelle Wargon, [&hellip;]<\/p>\n","protected":false},"author":1,"featured_media":0,"parent":0,"menu_order":0,"comment_status":"closed","ping_status":"closed","template":"","meta":{"footnotes":""},"class_list":["post-872","page","type-page","status-publish","hentry"],"_links":{"self":[{"href":"https:\/\/leshurleventsduseudre.fr\/index.php?rest_route=\/wp\/v2\/pages\/872","targetHints":{"allow":["GET"]}}],"collection":[{"href":"https:\/\/leshurleventsduseudre.fr\/index.php?rest_route=\/wp\/v2\/pages"}],"about":[{"href":"https:\/\/leshurleventsduseudre.fr\/index.php?rest_route=\/wp\/v2\/types\/page"}],"author":[{"embeddable":true,"href":"https:\/\/leshurleventsduseudre.fr\/index.php?rest_route=\/wp\/v2\/users\/1"}],"replies":[{"embeddable":true,"href":"https:\/\/leshurleventsduseudre.fr\/index.php?rest_route=%2Fwp%2Fv2%2Fcomments&post=872"}],"version-history":[{"count":4,"href":"https:\/\/leshurleventsduseudre.fr\/index.php?rest_route=\/wp\/v2\/pages\/872\/revisions"}],"predecessor-version":[{"id":879,"href":"https:\/\/leshurleventsduseudre.fr\/index.php?rest_route=\/wp\/v2\/pages\/872\/revisions\/879"}],"wp:attachment":[{"href":"https:\/\/leshurleventsduseudre.fr\/index.php?rest_route=%2Fwp%2Fv2%2Fmedia&parent=872"}],"curies":[{"name":"wp","href":"https:\/\/api.w.org\/{rel}","templated":true}]}}