{"id":738,"date":"2021-04-10T11:18:53","date_gmt":"2021-04-10T09:18:53","guid":{"rendered":"https:\/\/leshurleventsduseudre.fr\/?page_id=738"},"modified":"2021-04-12T04:04:51","modified_gmt":"2021-04-12T02:04:51","slug":"rue89bordeaux","status":"publish","type":"page","link":"https:\/\/leshurleventsduseudre.fr\/?page_id=738","title":{"rendered":"Rue89Bordeaux"},"content":{"rendered":"<p><b>Article de Simon Bath\u00e9l\u00e9my, R\u00e9dacteur en chef<\/b><\/p>\n<p><b><u>Ils sont vent debout contre \u00ab l\u2019invasion \u00e9olienne \u00bb en Nouvelle-Aquitaine<\/u><\/b><br \/>\n165 associations sont mobilis\u00e9es contre des 274 projets de parcs \u00e9oliens en r\u00e9gion Nouvelle-Aquitaine et onze d\u2019entre elle attaquent au tribunal administratif de Bordeaux le Sraddet de la R\u00e9gion Nouvelle-Aquitaine. Celle-ci r\u00e9plique que son ambition de doublement de la production \u00e9olienne, projection des objectifs nationaux, ne se fera pas contre les territoires.<br \/>\nAdopt\u00e9 en d\u00e9cembre dernier, le Sraddet (sch\u00e9ma r\u00e9gional d\u2019am\u00e9nagement, de d\u00e9veloppement durable et d\u2019\u00e9galit\u00e9 des territoires) fixe les ambitions de la r\u00e9gion Nouvelle-Aquitaine sur ces questions. Son 51\u00e8me objectif pr\u00e9voit une production \u00e9olienne passant de 4140 gigawattheures (GWh) \u00e0 10350, soit une multiplication par 2,5 de sa production \u00e9lectrique d\u2019origine \u00e9olienne d\u2019ici 2030.<\/p>\n<p>\u00ab C\u2019est une aberration puisque la Nouvelle-Aquitaine produit d\u00e9j\u00e0 57 terawatt-heure et en consomme 40, cela ne r\u00e9pond donc pas \u00e0 un besoin imp\u00e9ratif, d\u2019autant que la part des \u00e9nergies renouvelables d\u00e9passe d\u00e9j\u00e0 l\u2019objectif de 23 % de l\u2019\u00e9lectricit\u00e9 consomm\u00e9e \u00bb, estime Jean-Loup Rev\u00e9rier, de l\u2019association de D\u00e9fense des Marais de l\u2019Estuaire.<\/p>\n<p>Celle-ci est une des 165 associations mobilis\u00e9es contre l\u2019un des 274 projets \u00e9oliens en Nouvelle -Aquitaine \u2013 en l\u2019occurrence un parc de 40 \u00e9oliennes port\u00e9 par EDF sur la rive droite de la Gironde, dans les marais non loin de la centrale nucl\u00e9aire du Blayais. D\u2019autres associations pr\u00e9tendent d\u00e9fendre des \u00ab sites embl\u00e9matiques de Nouvelle-Aquitaine d\u00e9figur\u00e9s ou menac\u00e9s par l\u2019\u00e9olien \u00bb, comme la for\u00eat de la Double et la Vall\u00e9e de la Dronne.<\/p>\n<p><b>\u00ab Exc\u00e8s de l\u2019\u00e9olien \u00bb<\/b><\/p>\n<p>Ces organisations ont le soutien de trois pr\u00e9sidents de d\u00e9partements dont l\u2019ex ministre Dominique Bussereau (Charente-Maritime) qui critique \u00ab les exc\u00e8s de l\u2019\u00e9olien \u00bb dans un message vid\u00e9o transmis ce mardi au Club de la presse de Bordeaux, et relay\u00e9 par 9 repr\u00e9sentants des associations.<\/p>\n<p>Ils ont pr\u00e9sent\u00e9 le recours d\u00e9pos\u00e9 par onze d\u2019entre elles contre le Sraddet \u2013 d\u00e9pos\u00e9 en juin au tribunal administratif, il ne devrait toutefois pas \u00eatre examin\u00e9 avant un an ou deux. Ils comptent faire valoir la contradiction entre le 51\u00e8me objectif et d\u2019autres qu\u2019elles approuvent dont la pr\u00e9servation de la biodiversit\u00e9 et des terres agricoles.<\/p>\n<p>\u00ab Je suis plut\u00f4t un \u00e9colo de la premi\u00e8re heure et j\u2019\u00e9tais plut\u00f4t favorable aux \u00e9oliennes mais on change vite d\u2019avis quand on \u00e9tudie le dossier \u00bb estime Stephan Pelletier, g\u00e9rant d\u2019un camping \u00e0 Milhac de Nontron (Dordogne).\u00ab Le lobby de la FEE (f\u00e9d\u00e9ration de l\u2019\u00e9nergie \u00e9olienne) est plus entendu que les professionnels du tourisme alors qu\u2019on repr\u00e9sente 9 % du PIB r\u00e9gional. Si j\u2019ai un parc \u00e9olien avec des mats de 200 m\u00e8tres alors que l\u2019arbre le plus haut du village en fait 25, je ferme boutique et je ne serai pas le seul. Les clients du nord de la France viennent chez nous car il y a des insectes et des oiseaux, on ne veut pas subir cette nouvelle pollution. \u00bb<\/p>\n<p>Les anti-\u00e9oliens s\u2019alarment que la Nouvelle-Aquitaine passe de 677 \u00e9oliennes actuellement en service dans 105 parcs \u00e0 2790 dans 462 centrales si les projets autoris\u00e9s, en instruction ou en projet voient tous le jour. Ils fustigent le \u00ab d\u00e9ni de d\u00e9mocratie \u00bb pr\u00e9sidant \u00e0 l\u2019installation de grands groupes portant des projets de parc, ou \u00e0 la validation du Sraddet par la <a href=\"https:\/\/participez.nouvelle-aquitaine.fr\/uploads\/decidim\/attachment\/file\/761\/1_Rapport_SRADDET_NA.pdf\" target=\"_blank\" rel=\"noopener\">commission d\u2019enqu\u00eate publique<\/a> malgr\u00e9 environ 90 % d\u2019avis d\u00e9favorables \u00e0 l\u2019\u00e9olien sur les 341 observations recueillies)<\/p>\n<p>Vice-pr\u00e9sidente du conseil r\u00e9gional de Nouvelle-Aquitaine en charge du climat et de la transition \u00e9nerg\u00e9tique, Fran\u00e7oise Coutant r\u00e9pond que la pr\u00e9paration du Sraddet a donn\u00e9 lieu \u00e0 de nombreuses r\u00e9unions publiques o\u00f9 les anti-\u00e9oliens se sont peu manifest\u00e9s :<br \/>\n\u00ab Le projet a \u00e9t\u00e9 coconstruit avec les habitants, il n\u2019est pas sorti de ma t\u00eate ou des services. Notre priorit\u00e9, c\u2019est la sobri\u00e9t\u00e9 et l\u2019efficacit\u00e9 \u00e9nerg\u00e9tique, mais on aura besoin de plus d\u2019\u00e9nergies renouvelables si on veut sortir des \u00e9nergies fossiles. Pour d\u00e9terminer cet objectif de 10350 GWh en 2030, nous avons crois\u00e9 les ambitions nationales de la loi sur l\u2019\u00e9nergie et la strat\u00e9gie bas-carbone avec le potentiel local. Cela n\u00e9cessite c\u2019est vrai l\u2019installation d\u2019\u00e9oliennes, mais ce n\u2019est pas la r\u00e9gion qui va en mettre partout ! Les projets ne se feront que s\u2019il existe une volont\u00e9 des \u00e9lus et des habitants, qui n\u2019aiment pas d\u00e9couvrir l\u2019existence d\u2019un projet industriel, qu\u2019il soit \u00e9olien, photovolta\u00efque ou autre lors de sa balade du dimanche. Chaque territoire doit faire son diagnostic et s\u2019ils trouvent le moyen de construire un mix renouvelable sans \u00e9oliennes, comme la SEM Energies Midi Atlantique \u00e0 Jonzac, pourquoi pas. \u00bb<\/p>\n<p><b>Faux nez du nucl\u00e9aire ?<\/b><\/p>\n<p>Fran\u00e7oise Coutant d\u00e9nonce par ailleurs \u00ab le bazar mis en Nouvelle-Aquitaine par une association nationale, la <a href=\"https:\/\/environnementdurable.net\/\" target=\"_blank\" rel=\"noopener\">F\u00e9d\u00e9ration Environnement Durable<\/a> qui essaie de faire croire n\u2019importe quoi \u00bb. Les anti-\u00e9oliens ne l\u00e9sinent pas sur les arguments plus ou moins v\u00e9rifi\u00e9s : voisins rendus fous ou malades par le bruit, les ondes et les effets stroboscopiques (m\u00eame si l\u2019ANSES, l\u2019agence nationale de la sant\u00e9 environnementale, \u00e9carte tout impact), d\u00e9valuations immobili\u00e8res de 20 \u00e0 40 % de biens \u00e0 proximit\u00e9 des \u00e9oliennes, incendies de for\u00eat, \u00ab \u00e9cocides \u00bb de chauve-souris et d\u2019oiseaux d\u00e9capit\u00e9es par les pales (pourtant d\u00e9mentis par plusieurs \u00e9tudes conduites sur le sujet), technologies achet\u00e9es \u00e0 l\u2019\u00e9tranger \u00e0 d\u00e9faut de fili\u00e8re industrielle fran\u00e7aise\u2026<\/p>\n<p>Contrairement au nucl\u00e9aire, argument massue et point Godwin de l\u2019\u00e9change avec les anti : nul besoin au nom du changement climatique de produire davantage d\u2019\u00e9lectricit\u00e9 verte en France car la production pour l\u2019essentiel nucl\u00e9aire et hydraulique \u00ab est l\u2019une des plus d\u00e9carbon\u00e9es au monde \u00bb, alors que les \u00e9nergies renouvelables, intermittentes, n\u00e9cessitent une production compl\u00e9mentaire, assur\u00e9es par ses centrales thermiques au gaz ou au charbon.<\/p>\n<p>Pour Fran\u00e7oise Coutant, comparaison n\u2019est pas raison, puisque le nucl\u00e9aire pose aussi des questions climatiques notamment sur l\u2019impact collat\u00e9ral de la production \u2013 une industrie lourde qui ne pourrait fonctionner sans \u00e9nergie fossile \u2013 et sur la dette \u00e9cologique envers les pays du Sud qui fournissent l\u2019uranium indispensable aux centrales fran\u00e7aises.<\/p>\n<p>Autre arguments des anti : l\u2019\u00e9olien augmenterait le prix des factures des Fran\u00e7ais quand l\u2019\u00e9lectricit\u00e9 nucl\u00e9aire serait moins ch\u00e8re. Pourtant, les \u00e9oliennes de nouvelle g\u00e9n\u00e9ration n\u00e9cessitent actuellement entre 57 et 79 euros d\u2019investissement par m\u00e9gawattheure, contre 63 euros pour le nucl\u00e9aire du fait du \u00ab grand car\u00e9nage \u00bb (l\u2019entretien des centrales actuelles) et de la gestion de ses d\u00e9chets, voire 70 \u00e0 150 euros pour le futur EPR de Flamanville.<\/p>\n<p><b>\u00ab Dangereuse d\u00e9croissance \u00bb<\/b><\/p>\n<p>Quid enfin de la loi imposant de r\u00e9duire la part du nucl\u00e9aire \u00e0 50 % du mix \u00e9lectrique fran\u00e7ais et donc pour cela de fermer des r\u00e9acteurs dont une paire de la centrale girondine du Blayais ?<\/p>\n<p>\u00ab 50 %, c\u2019est un chiffre idiot. Si on ferme, il faut tout fermer \u00bb estime Jean-Louis Butr\u00e9, pr\u00e9sident de la F\u00e9d\u00e9ration Environnement Durable, pr\u00e9sent ce mardi \u00e0 Bordeaux et qui milite depuis 15 ans contre les \u00e9oliennes en France. \u00ab Je suis un ancien pr\u00e9sident d\u2019une usine Seveso (Rh\u00f4ne-Poulenc) et plus une industrie d\u00e9croit plus devient dangereuse. Si vous faites de la d\u00e9croissance, il faut fermer 58 r\u00e9acteurs en France. Mais ce serait d\u00e9truire une industrie alors qu\u2019EDF va mal. La priorit\u00e9 devrait \u00eatre de sauver des emplois. \u00bb<\/p>\n<p>Une autre serait de mener de vraies politiques d\u2019\u00e9conomies d\u2019\u00e9nergie afin de ne pas avoir \u00e0 remplacer des r\u00e9acteurs nucl\u00e9aires potentiellement dangereux par des moulins \u00e0 vent. Mais ce mardi \u00e0 Bordeaux, ce mot d\u2019ordre pas \u00e9t\u00e9 prononc\u00e9. Pas plus que celui d\u2019\u00e9nergie citoyenne, des projets dans lesquels des habitants ou des collectivit\u00e9s s\u2019emparent, y compris financi\u00e8rement, des outils de production renouvelables. D\u00e9samor\u00e7ant ainsi toute contestation, comme celle qui n\u2019a pas manqu\u00e9 d\u2019agiter l\u2019Estuaire de la Gironde quand EDF a sorti du chapeau un projet de 80 \u00e9oliennes, s\u00e9v\u00e8rement revu \u00e0 la baisse.<\/p>\n","protected":false},"excerpt":{"rendered":"<p>Article de Simon Bath\u00e9l\u00e9my, R\u00e9dacteur en chef Ils sont vent debout contre \u00ab l\u2019invasion \u00e9olienne \u00bb en Nouvelle-Aquitaine 165 associations sont mobilis\u00e9es contre des 274 projets de parcs \u00e9oliens en r\u00e9gion Nouvelle-Aquitaine et onze d\u2019entre elle attaquent au tribunal administratif de Bordeaux le Sraddet de la R\u00e9gion Nouvelle-Aquitaine. Celle-ci r\u00e9plique que son ambition de doublement [&hellip;]<\/p>\n","protected":false},"author":1,"featured_media":0,"parent":0,"menu_order":0,"comment_status":"closed","ping_status":"closed","template":"","meta":{"footnotes":""},"class_list":["post-738","page","type-page","status-publish","hentry"],"_links":{"self":[{"href":"https:\/\/leshurleventsduseudre.fr\/index.php?rest_route=\/wp\/v2\/pages\/738","targetHints":{"allow":["GET"]}}],"collection":[{"href":"https:\/\/leshurleventsduseudre.fr\/index.php?rest_route=\/wp\/v2\/pages"}],"about":[{"href":"https:\/\/leshurleventsduseudre.fr\/index.php?rest_route=\/wp\/v2\/types\/page"}],"author":[{"embeddable":true,"href":"https:\/\/leshurleventsduseudre.fr\/index.php?rest_route=\/wp\/v2\/users\/1"}],"replies":[{"embeddable":true,"href":"https:\/\/leshurleventsduseudre.fr\/index.php?rest_route=%2Fwp%2Fv2%2Fcomments&post=738"}],"version-history":[{"count":14,"href":"https:\/\/leshurleventsduseudre.fr\/index.php?rest_route=\/wp\/v2\/pages\/738\/revisions"}],"predecessor-version":[{"id":886,"href":"https:\/\/leshurleventsduseudre.fr\/index.php?rest_route=\/wp\/v2\/pages\/738\/revisions\/886"}],"wp:attachment":[{"href":"https:\/\/leshurleventsduseudre.fr\/index.php?rest_route=%2Fwp%2Fv2%2Fmedia&parent=738"}],"curies":[{"name":"wp","href":"https:\/\/api.w.org\/{rel}","templated":true}]}}