{"id":662,"date":"2021-04-09T22:59:00","date_gmt":"2021-04-09T20:59:00","guid":{"rendered":"https:\/\/leshurleventsduseudre.fr\/?page_id=662"},"modified":"2024-08-22T15:53:21","modified_gmt":"2024-08-22T13:53:21","slug":"la-region-nouvelle-aquitaine","status":"publish","type":"page","link":"https:\/\/leshurleventsduseudre.fr\/?page_id=662","title":{"rendered":"La R\u00e9gion"},"content":{"rendered":"<p><font color=\"0d1152\"><strong>LA REGION<\/strong><\/font><br \/>\n<font color=\"0d1152\">\u2666 On trouve peu d&rsquo;informations sur la position de la R\u00e9gion Nouvelle Aquitaine en mati\u00e8re d&rsquo;\u00e9olien. Sur son site on peut lire <i>\u00ab\u00a0&#8230;la R\u00e9gion Nouvelle-Aquitaine a \u00e9tabli sa feuille de route transversale pour la transition environnementale et \u00e9nerg\u00e9tique, <strong>N\u00e9o Terra<\/strong>&#8230;<\/i>. Et sur le site <a href=\"https:\/\/www.neo-terra.fr\/\" target=\"_blank\" rel=\"noopener\">N\u00e9o Terra<\/a>, dans l&rsquo;ambition n\u00b05 <a href=\"https:\/\/www.neo-terra.fr\/en-actions\/coopec\/\" target=\"_blank\" rel=\"noopener\">Mobilit\u00e9s et habitat<\/a>, figurent 3 d\u00e9fis. Dans le D\u00e9fi n\u00b02 enfin cette phrase \u00ab\u00a0&#8230;il est n\u00e9cessaire d\u2019encourager le d\u00e9veloppement du photovolta\u00efque, de l\u2019\u00e9olien terrestre et marin, et de l\u2019hydraulique. (sic)<\/font><\/p>\n<p><font color=\"0d1152\">\u2666 <\/font><a href=\"https:\/\/leshurleventsduseudre.fr\/?page_id=795\" target=\"_blank\" rel=\"noopener\">Des associations protestent contre les ambitions \u00e9oliennes de la R\u00e9gion Nouvelle-Aquitaine<\/a>, <font color=\"0d1152\">article de Maxime Giraudeau, La Tribune du 15 juillet 2020.<\/font><\/p>\n<p><font color=\"0d1152\">\u2666 <\/font><a href=\"https:\/\/leshurleventsduseudre.fr\/?page_id=738\" target=\"_blank\" rel=\"noopener\">Ils sont vent debout contre \u00ab l\u2019invasion \u00e9olienne \u00bb en Nouvelle-Aquitaine<\/a><font color=\"0d1152\">, article de Simon Bath\u00e9l\u00e9my, r\u00e9dacteur en chef de rue89Bordeaux du 8 juillet 2020.<\/font><\/p>\n<p><font color=\"0d1152\">\u2666 <\/font><a href=\"https:\/\/france3-regions.francetvinfo.fr\/nouvelle-aquitaine\/charente\/eolien-en-charente-hiesse-dit-non-1977709.html\" target=\"_blank\" rel=\"noopener\">L&rsquo;\u00e9olien en Charente<\/a><font color=\"0d1152\">  <i>France 3, Nouvelle-Aquitaine.<\/i><\/font><\/p>\n","protected":false},"excerpt":{"rendered":"<p>LA REGION \u2666 On trouve peu d&rsquo;informations sur la position de la R\u00e9gion Nouvelle Aquitaine en mati\u00e8re d&rsquo;\u00e9olien. Sur son site on peut lire \u00ab\u00a0&#8230;la R\u00e9gion Nouvelle-Aquitaine a \u00e9tabli sa feuille de route transversale pour la transition environnementale et \u00e9nerg\u00e9tique, N\u00e9o Terra&#8230;. Et sur le site N\u00e9o Terra, dans l&rsquo;ambition n\u00b05 Mobilit\u00e9s et habitat, figurent [&hellip;]<\/p>\n","protected":false},"author":1,"featured_media":0,"parent":0,"menu_order":0,"comment_status":"closed","ping_status":"closed","template":"","meta":{"footnotes":""},"class_list":["post-662","page","type-page","status-publish","hentry"],"_links":{"self":[{"href":"https:\/\/leshurleventsduseudre.fr\/index.php?rest_route=\/wp\/v2\/pages\/662","targetHints":{"allow":["GET"]}}],"collection":[{"href":"https:\/\/leshurleventsduseudre.fr\/index.php?rest_route=\/wp\/v2\/pages"}],"about":[{"href":"https:\/\/leshurleventsduseudre.fr\/index.php?rest_route=\/wp\/v2\/types\/page"}],"author":[{"embeddable":true,"href":"https:\/\/leshurleventsduseudre.fr\/index.php?rest_route=\/wp\/v2\/users\/1"}],"replies":[{"embeddable":true,"href":"https:\/\/leshurleventsduseudre.fr\/index.php?rest_route=%2Fwp%2Fv2%2Fcomments&post=662"}],"version-history":[{"count":31,"href":"https:\/\/leshurleventsduseudre.fr\/index.php?rest_route=\/wp\/v2\/pages\/662\/revisions"}],"predecessor-version":[{"id":3770,"href":"https:\/\/leshurleventsduseudre.fr\/index.php?rest_route=\/wp\/v2\/pages\/662\/revisions\/3770"}],"wp:attachment":[{"href":"https:\/\/leshurleventsduseudre.fr\/index.php?rest_route=%2Fwp%2Fv2%2Fmedia&parent=662"}],"curies":[{"name":"wp","href":"https:\/\/api.w.org\/{rel}","templated":true}]}}