{"id":4429,"date":"2026-03-24T21:11:43","date_gmt":"2026-03-24T20:11:43","guid":{"rendered":"https:\/\/leshurleventsduseudre.fr\/?page_id=4429"},"modified":"2026-04-08T13:23:44","modified_gmt":"2026-04-08T11:23:44","slug":"z-le-calendrier","status":"publish","type":"page","link":"https:\/\/leshurleventsduseudre.fr\/?page_id=4429","title":{"rendered":"Z-Le calendrier"},"content":{"rendered":"<p><font color=\"0d1152\"><b>Commune de Tartampion-sur-Charente<\/b><\/font><br \/>\n<font color=\"539EE6\"><br \/>\nVendredi 20 mars \u00e0 19 h 30 : <a href=\"https:\/\/leshurleventsduseudre.fr\/?page_id=4419\" target=\"_blank\" rel=\"noopener\">conseil municipal<\/a><br \/>\nVendredi 27 mars \u00e0 13 h 30 : <a href=\"https:\/\/leshurleventsduseudre.fr\/?page_id=4419\" target=\"_blank\" rel=\"noopener\">conseil municipal<\/a><br \/>\nSamedi 28 mars \u00e0 14 h : <a href=\"https:\/\/leshurleventsduseudre.fr\/?page_id=4423\" target=\"_blank\" rel=\"noopener\">commission des finances<\/a><\/font><br \/>\n<font color=\"0d1152\">Mardi 5 mai \u00e0 20 h : conseil municipal<br \/>\nVendredi 8 mai \u00e0 11 h 45 : c\u00e9r\u00e9monie comm\u00e9morative<br \/>\nMardi 2 juin \u00e0 20 h : conseil municipal<br \/>\nMardi 7 juillet \u00e0 20 h : conseil municipal<br \/>\nMardi 14 juillet \u00e0 11 h 45 : c\u00e9r\u00e9monie de la f\u00eate nationale<\/font><\/p>\n","protected":false},"excerpt":{"rendered":"<p>Commune de Tartampion-sur-Charente Vendredi 20 mars \u00e0 19 h 30 : conseil municipal Vendredi 27 mars \u00e0 13 h 30 : conseil municipal Samedi 28 mars \u00e0 14 h : commission des finances Mardi 5 mai \u00e0 20 h : conseil municipal Vendredi 8 mai \u00e0 11 h 45 : c\u00e9r\u00e9monie comm\u00e9morative Mardi 2 juin [&hellip;]<\/p>\n","protected":false},"author":1,"featured_media":0,"parent":0,"menu_order":0,"comment_status":"closed","ping_status":"closed","template":"","meta":{"footnotes":""},"class_list":["post-4429","page","type-page","status-publish","hentry"],"_links":{"self":[{"href":"https:\/\/leshurleventsduseudre.fr\/index.php?rest_route=\/wp\/v2\/pages\/4429","targetHints":{"allow":["GET"]}}],"collection":[{"href":"https:\/\/leshurleventsduseudre.fr\/index.php?rest_route=\/wp\/v2\/pages"}],"about":[{"href":"https:\/\/leshurleventsduseudre.fr\/index.php?rest_route=\/wp\/v2\/types\/page"}],"author":[{"embeddable":true,"href":"https:\/\/leshurleventsduseudre.fr\/index.php?rest_route=\/wp\/v2\/users\/1"}],"replies":[{"embeddable":true,"href":"https:\/\/leshurleventsduseudre.fr\/index.php?rest_route=%2Fwp%2Fv2%2Fcomments&post=4429"}],"version-history":[{"count":17,"href":"https:\/\/leshurleventsduseudre.fr\/index.php?rest_route=\/wp\/v2\/pages\/4429\/revisions"}],"predecessor-version":[{"id":4486,"href":"https:\/\/leshurleventsduseudre.fr\/index.php?rest_route=\/wp\/v2\/pages\/4429\/revisions\/4486"}],"wp:attachment":[{"href":"https:\/\/leshurleventsduseudre.fr\/index.php?rest_route=%2Fwp%2Fv2%2Fmedia&parent=4429"}],"curies":[{"name":"wp","href":"https:\/\/api.w.org\/{rel}","templated":true}]}}