{"id":4419,"date":"2026-03-24T20:56:02","date_gmt":"2026-03-24T19:56:02","guid":{"rendered":"https:\/\/leshurleventsduseudre.fr\/?page_id=4419"},"modified":"2026-03-24T21:16:23","modified_gmt":"2026-03-24T20:16:23","slug":"z-deliberations","status":"publish","type":"page","link":"https:\/\/leshurleventsduseudre.fr\/?page_id=4419","title":{"rendered":"Z-D\u00e9lib\u00e9rations"},"content":{"rendered":"<p><font color=\"0d1152\"><b>Commune de Tartampion sur Charente<\/b><br \/>\nS\u00e9ance du 20 mars 2026 &#8211; 1 &#8211; Election du maire<br \/>\nS\u00e9ance du 20 mars 2026 &#8211; 2 &#8211; Choix du nombre d&rsquo;adjoints<br \/>\nS\u00e9ance du 20 mars 2026 &#8211; 3 &#8211; Election des adjoints<br \/>\nS\u00e9ance du 20 mars 2026 &#8211; 4 &#8211; Election du xxxxxxxxxx<\/font><\/p>\n","protected":false},"excerpt":{"rendered":"<p>Commune de Tartampion sur Charente S\u00e9ance du 20 mars 2026 &#8211; 1 &#8211; Election du maire S\u00e9ance du 20 mars 2026 &#8211; 2 &#8211; Choix du nombre d&rsquo;adjoints S\u00e9ance du 20 mars 2026 &#8211; 3 &#8211; Election des adjoints S\u00e9ance du 20 mars 2026 &#8211; 4 &#8211; Election du xxxxxxxxxx<\/p>\n","protected":false},"author":1,"featured_media":0,"parent":0,"menu_order":0,"comment_status":"closed","ping_status":"closed","template":"","meta":{"footnotes":""},"class_list":["post-4419","page","type-page","status-publish","hentry"],"_links":{"self":[{"href":"https:\/\/leshurleventsduseudre.fr\/index.php?rest_route=\/wp\/v2\/pages\/4419","targetHints":{"allow":["GET"]}}],"collection":[{"href":"https:\/\/leshurleventsduseudre.fr\/index.php?rest_route=\/wp\/v2\/pages"}],"about":[{"href":"https:\/\/leshurleventsduseudre.fr\/index.php?rest_route=\/wp\/v2\/types\/page"}],"author":[{"embeddable":true,"href":"https:\/\/leshurleventsduseudre.fr\/index.php?rest_route=\/wp\/v2\/users\/1"}],"replies":[{"embeddable":true,"href":"https:\/\/leshurleventsduseudre.fr\/index.php?rest_route=%2Fwp%2Fv2%2Fcomments&post=4419"}],"version-history":[{"count":3,"href":"https:\/\/leshurleventsduseudre.fr\/index.php?rest_route=\/wp\/v2\/pages\/4419\/revisions"}],"predecessor-version":[{"id":4433,"href":"https:\/\/leshurleventsduseudre.fr\/index.php?rest_route=\/wp\/v2\/pages\/4419\/revisions\/4433"}],"wp:attachment":[{"href":"https:\/\/leshurleventsduseudre.fr\/index.php?rest_route=%2Fwp%2Fv2%2Fmedia&parent=4419"}],"curies":[{"name":"wp","href":"https:\/\/api.w.org\/{rel}","templated":true}]}}