{"id":2347,"date":"2022-12-02T12:09:19","date_gmt":"2022-12-02T11:09:19","guid":{"rendered":"https:\/\/leshurleventsduseudre.fr\/?page_id=2347"},"modified":"2023-08-03T14:45:34","modified_gmt":"2023-08-03T12:45:34","slug":"renaissance","status":"publish","type":"page","link":"https:\/\/leshurleventsduseudre.fr\/?page_id=2347","title":{"rendered":"Renaissance"},"content":{"rendered":"<p><font color=\"0D1152\"><b>RENAISSANCE<\/b><br \/>\nLe site du parti \u00ab\u00a0Renaissance\u00a0\u00bb, parti d&rsquo;Emmanuel Macron, Pr\u00e9sident de la R\u00e9publique, ne propose pas de programme d&rsquo;action. Les mots \u00ab\u00a0\u00e9olien, \u00e9olienne, \u00e9nergie renouvelable\u00a0\u00bb n&rsquo;y figurent pas.<\/font><\/p>\n<p><font color=\"0D1152\">Vous trouverez sa position sur la page <a href=\"https:\/\/leshurleventsduseudre.fr\/?page_id=669\" target=\"_blank\" rel=\"noopener\"><b>\u00ab\u00a0Etat\u00a0\u00bb<\/b><\/a> de ce site qui pr\u00e9sente l&rsquo;action du gouvernement.<\/font><\/p>\n","protected":false},"excerpt":{"rendered":"<p>RENAISSANCE Le site du parti \u00ab\u00a0Renaissance\u00a0\u00bb, parti d&rsquo;Emmanuel Macron, Pr\u00e9sident de la R\u00e9publique, ne propose pas de programme d&rsquo;action. Les mots \u00ab\u00a0\u00e9olien, \u00e9olienne, \u00e9nergie renouvelable\u00a0\u00bb n&rsquo;y figurent pas. Vous trouverez sa position sur la page \u00ab\u00a0Etat\u00a0\u00bb de ce site qui pr\u00e9sente l&rsquo;action du gouvernement.<\/p>\n","protected":false},"author":1,"featured_media":0,"parent":0,"menu_order":0,"comment_status":"closed","ping_status":"closed","template":"","meta":{"footnotes":""},"class_list":["post-2347","page","type-page","status-publish","hentry"],"_links":{"self":[{"href":"https:\/\/leshurleventsduseudre.fr\/index.php?rest_route=\/wp\/v2\/pages\/2347","targetHints":{"allow":["GET"]}}],"collection":[{"href":"https:\/\/leshurleventsduseudre.fr\/index.php?rest_route=\/wp\/v2\/pages"}],"about":[{"href":"https:\/\/leshurleventsduseudre.fr\/index.php?rest_route=\/wp\/v2\/types\/page"}],"author":[{"embeddable":true,"href":"https:\/\/leshurleventsduseudre.fr\/index.php?rest_route=\/wp\/v2\/users\/1"}],"replies":[{"embeddable":true,"href":"https:\/\/leshurleventsduseudre.fr\/index.php?rest_route=%2Fwp%2Fv2%2Fcomments&post=2347"}],"version-history":[{"count":7,"href":"https:\/\/leshurleventsduseudre.fr\/index.php?rest_route=\/wp\/v2\/pages\/2347\/revisions"}],"predecessor-version":[{"id":2782,"href":"https:\/\/leshurleventsduseudre.fr\/index.php?rest_route=\/wp\/v2\/pages\/2347\/revisions\/2782"}],"wp:attachment":[{"href":"https:\/\/leshurleventsduseudre.fr\/index.php?rest_route=%2Fwp%2Fv2%2Fmedia&parent=2347"}],"curies":[{"name":"wp","href":"https:\/\/api.w.org\/{rel}","templated":true}]}}